) - -12.
12
(2 - (-1 + -3)) + 0 + -8 + 0
-2
What is the value of 0 - (-4 + -23 + 12 + 4)?
11
What is the value of 1 + 33 + -69 - -30?
-5
8 - ((-12 - 3) + 16)
7
What is the value of 42 - (24 - (28 - (-7 - -15)))?
38
Evaluate (-267 - -289 - (2 - -43)) + (4 - 0).
-19
What is the value of 4 - (-5 - (-6 + 1))?
4
-4 - (-12 + -18 - -6)
20
What is 22 + (-5 - (23 - 20))?
14
Evaluate (-22 - (-35 + 35)) + 37.
15
What is (1 - -10) + (-21 + (-16 - -47) - 5)?
16
Calculate 16 + 0 - (-19 + (3 - 19 - -30)).
21
Evaluate -81 + 25 + (68 - 35).
-23
Evaluate -31 + 4 + 5 - -15.
-7
(4 - (-3 + 4)) + -77 + 84
10
Calculate 14 + (-44 - (1 + -29)).
-2
What is the value of 0 - 8 - (22 + -22 + -9)?
1
Calculate -3 + (0 - (2 + -3 + -11)).
9
Evaluate 17 - (-5 + 25 - 7).
4
(0 - 19) + (13 - 11 - -10)
-7
What is the value of -17 - (-19 + 17 - (3 + 3))?
-9
What is the value of -2 + 5 - -3 - (-14 - (13 + -24))?
9
What is the value of (18 - 1) + (137 - 147)?
7
Evaluate 15 - (31 - (14 + 0)).
-2
What is -2 - (177 + -169 - (-1 - -27))?
16
What is (54 - 64) + (-7 - -6)?
-11
What is 408 + -424 + (1 - -7)?
-8
-14 - (-5 + 8 + -10 + (-1 - -2))
-8
Calculate -22 + 9 - (-3 + 14 + -7).
-17
0 - -9 - (-4 - (4 + -9) - 7)
15
What is -19 - (-15 - (13 + -7))?
2
What is 1 + 3 - ((-19 - -13) + 10)?
0
Evaluate -5 - (-16 + -2) - -1.
14
(17 - 1) + -51 + (5 - -29)
-1
Calculate -8 - ((-22 - (-11 + 4)) + 2).
5
What is -11 + 11 + 18 + -4 - 43?
-29
Calculate (-1 - -5) + -21 - -27.
10
What is -13 + (-2 - (-20 + 24))?
-19
What is -194 + 199 + (-1 - (-2 + 13))?
-7
Evaluate -10 - (7 - 9 - -6).
-14
Calculate (-24 - 4 - -23) + -17.
-22
Calculate 6 - -1 - (1 + 7 + (-7 - 0)).
6
What is the value of -29 + 27 - ((2 + 0 - -3) + 4)?
-11
What is the value of 8 + -9 - (101 - 75)?
-27
What is the value of -6 + 5 + (-7 - (-3 - -6) - -14)?
3
What is 21 + -2 + 0 - (-67 + 57)?
29
What is (1 - (2 - 1)) + (27 - (-18 + 28))?
17
Evaluate 11 - (-1 + 12 + -3 - 9) - 9.
3
Calculate -22 + -7 + -87 + 128.
12
Evaluate 6 + 3 + -29 - -11 - -19.
10
-25 + (93 - 29) + -32
7
Calculate -11 + 4 + 4 + (2 + 2 - 5).
-4
0 + (-24 - -12 - -6 - -13)
7
What is the value of 16 - 3 - (6 - -7)?
0
What is the value of -16 + (123 + -130 - (-2 + -15 - -1))?
-7
15 + -30 + -1 + -2 - (2 + 3)
-23
Evaluate -11 - (-3 - (-10 + 9)).
-9
Evaluate 6 - (17 + -17 + 15).
-9
What is the value of -1 + (8 - 12) + -1 + 14?
8
Calculate 8 + -10 + -3 + 0 - 5.
-10
What is (0 + -6 - (-3 + -5)) + -9?
-7
Calculate 16 - (-12 - (162 + -173 + (-1 - -5))).
21
What is -16 + (-8 - -5) + 8 + (-1 - 6)?
-18
What is (-8 - -15 - (5 - 0)) + 8?
10
What is the value of 3 + (-16 - 2) + 27?
12
What is the value of 32 - 46 - (-2 - (0 + 6))?
-6
(-69 - -51) + (13 - 2) - -13
6
What is the value of -16 - -3 - (-2 + 6 - 5)?
-12
Evaluate 3 - (7 + 0 + 8 + -7).
-5
Evaluate (-1 - 4) + -4 - (-7 - -14 - 1).
-15
93 + -116 - (-1 - -2 - 2)
-22
What is 16 + -3 + -11 - 0?
2
What is the value of -56 + (147 - 105) + 1 + -10?
-23
What is -4 + (-34 - -33) + 20?
15
3 + -2 - 8 - (-10 + -3 - -6)
0
Evaluate 13 - (10 - (6 - 3)) - (0 + 1).
5
What is the value of (-8 - -4 - (7 - 8)) + 6?
3
What is the value of 24 - (10 - (-18 - -9))?
5
(-12 - -29) + -23 + -10
-16
What is the value of 2 - -8 - ((-8 - -14) + -9) - 5?
8
15 + -17 + 17 + -24
-9
Evaluate -4 + -3 - (10 - ((-1 - -8) + 6)).
-4
15 + 6 - 16 - 4
1
Evaluate (3 + -8 - -5) + -6 - -1.
-5
What is -2 + 13 + -4 + (31 - 38)?
0
-9 + -17 + 39 + 7
20
What is the value of (7 - 4) + 1 + 7 - (1 + -4)?
14
What is the value of -11 + 25 + (-10 - 15)?
-11
Calculate 8 + -6 + (-1 + -3 - 3 - -12).
7
What is the value of (-25 - 9) + 64 + -57?
-27
Calculate (-16 - -3) + 14 - 3 - -4.
2
What is -22 + 17 - (-2 + 3 + 0) - -14?
8
Calculate 2 + 17 - (120 - 75).
-26
What is the value of (150 - 162) + (6 - (-1 + 0) - 1)?
-6
Evaluate -12 + 0 - (13 - (4 + 5)).
-16
-6 + (2 - -4 - -9)
9
3 - (-20 - (-26 + 12) - -15)
-6
Evaluate 11 + 0 + -29 - -16.
-2
1 + 6 - (1 - (-10 + 1) - -6)
-9
Calculate 3 + 9 + -13 + -13 + 26.
12
21 + (32 - 71) + -10
-28
What is the value of (-1 - -2) + (0 - 1) + 2223 + -2224?
-1
15 - (1 - (12 - -5 - 25))
6
-9 + 2 - (10 - 71 - -50)
4
Evaluate (-26 - (18 - 26)) + 10.
-8
What is (13 - -2) + 502 + -496?
21
What is 11 - (3 - -1) - (-25 + 34)?
-2
Calculate 10 - 0 - ((-16 - -55) + -38).
9
Calculate -2 - (6 + -4 - (32 + (10 - 6))).
32
Evaluate -3 + (10 + -7 - -1) + -5.
-4
What is the value of -5 + (5 + (-5 - -2) - (-27 + 27))?
-3
(-1 + 0 - -17) + -83 + 75 - 16
-8
What is the value of 1 - (9 - (4 + -3)) - (-63 + 55)?
1
What is -14 + (16 - -3) + -2 + (1 - 4)?
0
What is the value of (27 - 14 - 23) + 1 + 26?
17
Evaluate (-25 - -13) + -1 - -12.
-1
-13 + (13 - 11 - -7)
-4
Evaluate -17 + 1 - (-20 + 2).
2
What is 22 - (19 - 6) - (12 + 8 + -3)?
-8
What is 28 - (-10 - -35) - (-1 + -1)?
5
What is (-1 - (4 - 16)) + -43 + 48?
16
-13 + (-9 - -16) + -13 + 3
-16
What is (-1 - (-2 + 3)) + (6 - 5) - 9?
-10
What is the value of 3 + 1 + 1 - (6 + -4) - 19?
-16
Evaluate 9 - 5 - (-11 + -6 + 11).
10
What is the value of (-8 - -1 - -8 - -3) + 3 + 2?
9
(-4 + -43 - 26) + 43
-30
0 + (-5 - (-15 + 10 - 2))
2
What is the value of 15 + -15 + (-7 - (9 + -32)) + -10?
6
Evaluate 4 - (6 - 2) - -2 - -9.
11
Evaluate 16 - (-1 + 11 + -10 + -1 + 5).
12
Calculate 30 + (3 - 24) - -4.
13
Evaluate 19 - (-8 + 5) - (4 - -4).
14
What is the value of -7 + -2 + 3 + -1 + (-36 - -39)?
-4
(2 + -2 - (4 + -13)) + -38 + 38
9
Calculate (-8 - -3) + 82 + -70.
7
-3 + -19 - (-14 + 6 + 3 - 5)
-12
What is the value of 6 + (11 - (12 + -9 - -13) - 6)?
-5
Evaluate ((1 + -7 - -3) + 6 - 0) + 2.
5
24 + -35 + 20 - (8 + 0) - 14
-13
Evaluate -2 + -6 + (267 - 252).
7
What is -9 + (4 + 0 - (-28 + 31)) - -18?
10
-2 + 2 - 7 - (-130 - -122)
1
-26 + (-10 - 19 - -70)
15
What is 7 + (-6 + 3 - (-10 + 4))?
10
Calculate 254 - 267 - (-2 + -23).
12
What is the value of (-53 + 29 - -28) + 0 + -1 + 1?
4
Calculate 4 + (12 + 3 - 22).
-3
Evaluate 17 + (112 - 103 - (4 - 3)).
25
(109 - 106 - (3 - (2 - 4))) + 1
-1
What is the value of -1 + (4 - 6) - (-21 + 13 + 23)?
-18
What is -12 + 1 + (48 - (16 + -10 + -2))?
33
Calculate 10 - 18 - (-2 + 5 + -4).
-7
What is the value of 24 + -11 - 8 - -4 - 25?
-16
What is the value of -87 - -6 - (-40 - 6)?
-35
Calculate -6 + (-4 + 20 + -8 - -1) + 23.
26
What is the value of -8 - 0 - (-7 - (0 - 4))?
-5
What is the value of 3 - -1 - 0 - (-4 + 6)?
2
What is (11 - 1) + 157 + -187?
-20
Calculate (6 - (-12 + (28 - 7))) + -12.
-15
Calculate -9 + (11 - (-6 - -23) - -15).
0
Evaluate -17 - (-6 + 67 + -49 + 1 + -5).
-25
Calculate -5 - (20 + 11 + -28 + 0 + 1).
-9
What is the value of -30 - (-80 + 19) - 40?
-9
-18 + (15 - 8 - (-26 + 27))
-12
6 + 7 - (-2 + 8)
7
1 - (2 + -1 + 5) - (15 + -15)
-5
What is 107 + -110 - (-23 + -15)?
35
What is the value of 2 + (-1 - -4) - -6?
11
What is the value of (1 - 0 - 11) + 80 + (-15 - 31)?
24
What is the value of (-12 - (28 + -33)) + 17 + 0?
10
Calculate -16 + -27 + (-4 + 0 - -13).
-34
What is -1 + (26 + -17 - 10)?
-2
What is (-1402 - -1428) + (3 - (1 - (-1 + 1)))?
28
-7 - ((5 - 15) + (19 - -6) + -7)
-15
What is the value of 9 + -2 - (-8 + 1 + (-4 - -8))?
10
16 + -9 + 3 - 28 - (2 + 7)
-27
What is the value of -40 - ((-6 - (-9 - -6)) + -5)?
-32
Calculate (15 + -7 - 6) + 4 + 2 - 29.
-21
Calculate (0 + -19 - -2 - (27 + -34)) + 3.
-7
Calculate 11 - (10 - 0 - 18) - (8 - 1).
12
-10 + -1 + 742 + -722 + (2 - 1)
10
-16 + (11 - -3) + -1 + (12 - 0)
9
What is the value of 20 - 22 - (33 + (-16 - -2))?
-21
Calculate 0 + 8 - (-4 + (41 - 19)).
-10
What is -66 + 62 - (-2 - -3 - -2 - -12)?
-19
Calculate (-4 - (1 + -2)) + 2 + (84 - 84).
-1
Calculate (7 - -2) + 0 + -6 + 0.
3
Evaluate 9 - 11 - (-1 + 9 + (-15 - -15)).
-10
Evaluate (-4 - 0) + (-15 - (-15 + 3)).
-7
Evaluate -2 - (-2 - -2) - (34 + -53).
17
38 + 1 - (99 - 78)
18
Evaluate (-5 + 5 - 20) + 6 + 8.
-6
(7 - -1) + (24 - (20 + 9))
3
Evaluate 12 - (-1 - -1) - 20.
-8
17 + -19 - 14 - -7
-9
Evaluate 1 - (-59 - -37 - (1 - 10)).
14
What is the value of 10 - 4 - (7 - -3) - 1?
-5
What is -2 - (8 - 5) - -3?
-2
What is the value of 14 + -8 + -26 + 7?
-13
Evaluate -38 - (-23 + -12 + 29).
-32
Evaluate -5 - (0 + (-8 - -3)) - 3.
-3
What is 14 - (18 + 24 - (14 - 6))?
-20
What is the value of 9 - ((-8 - (-5 - -6)) + -2)?
20
Calculate (-14 - 1 - -17) + 7.
9
Calculate -9 - (9 + (-29 - 3 - 1)).
15
Evaluate 7 